{"id":36638,"date":"2025-08-11T12:51:56","date_gmt":"2025-08-11T10:51:56","guid":{"rendered":"https:\/\/amadem.es\/talleres\/hort\/"},"modified":"2025-08-11T12:51:56","modified_gmt":"2025-08-11T10:51:56","slug":"hort","status":"publish","type":"talleres","link":"https:\/\/amadem.es\/ca\/talleres\/hort\/","title":{"rendered":"Hort"},"content":{"rendered":"<p><span style=\"font-weight: 400;\">L&#8217;activitat f\u00edsica i mental que genera la pr\u00e0ctica de l&#8217;horticultura contribueix a millorar la qualitat de vida, a trav\u00e9s de la pr\u00e0ctica d&#8217;activitats que requereixen dedicaci\u00f3 i concentraci\u00f3 i desenvolupen habilitats personals com la paci\u00e8ncia o el gust pel treball en equip. A m\u00e9s, afavoreix l&#8217;activitat a l&#8217;aire lliure i la mobilitat (fins i tot d&#8217;aquelles persones amb mobilitat redu\u00efda). Com a eina terap\u00e8utica actua promovent la mobilitat, incorporant rutines creatives, estimulant l&#8217;atenci\u00f3 i la mem\u00f2ria, facilitant la comunicaci\u00f3 i les relacions, educant en valors positius de responsabilitat i treball en equip. D&#8217;altra banda, compleix els principis pedag\u00f2gics b\u00e0sics com la funcionalitat de l&#8217;aprenentatge, la significativitat d&#8217;aquest, el partir dels coneixements previs, el foment del coneixement experiencial. Tot aix\u00f2 pot ser aprofitat per treballar de forma te\u00f2rica continguts relacionats amb l&#8217;Agricultura i el Medi Ambient, introduint \u00e0rees transversals (matem\u00e0tiques, geometria, lectoescriptura, comprensi\u00f3 lectora&#8230;)    <\/span><\/p>\n","protected":false},"featured_media":34861,"template":"","class_list":["post-36638","talleres","type-talleres","status-publish","has-post-thumbnail","hentry"],"_links":{"self":[{"href":"https:\/\/amadem.es\/ca\/wp-json\/wp\/v2\/talleres\/36638","targetHints":{"allow":["GET"]}}],"collection":[{"href":"https:\/\/amadem.es\/ca\/wp-json\/wp\/v2\/talleres"}],"about":[{"href":"https:\/\/amadem.es\/ca\/wp-json\/wp\/v2\/types\/talleres"}],"wp:featuredmedia":[{"embeddable":true,"href":"https:\/\/amadem.es\/ca\/wp-json\/wp\/v2\/media\/34861"}],"wp:attachment":[{"href":"https:\/\/amadem.es\/ca\/wp-json\/wp\/v2\/media?parent=36638"}],"curies":[{"name":"wp","href":"https:\/\/api.w.org\/{rel}","templated":true}]}}

<p><span style="font-weight: 400;">L&#8217;activitat física i mental que genera la pràctica de l&#8217;horticultura contribueix a millorar la qualitat de vida, a través de la pràctica d&#8217;activitats que requereixen dedicació i concentració i desenvolupen habilitats personals com la paciència o el gust pel treball en equip. A més, afavoreix l&#8217;activitat a l&#8217;aire lliure i la mobilitat (fins i tot d&#8217;aquelles persones amb mobilitat reduïda). Com a eina terapèutica actua promovent la mobilitat, incorporant rutines creatives, estimulant l&#8217;atenció i la memòria, facilitant la comunicació i les relacions, educant en valors positius de responsabilitat i treball en equip. D&#8217;altra banda, compleix els principis pedagògics bàsics com la funcionalitat de l&#8217;aprenentatge, la significativitat d&#8217;aquest, el partir dels coneixements previs, el foment del coneixement experiencial. Tot això pot ser aprofitat per treballar de forma teòrica continguts relacionats amb l&#8217;Agricultura i el Medi Ambient, introduint àrees transversals (matemàtiques, geometria, lectoescriptura, comprensió lectora&#8230;)    </span></p>
