{"id":36639,"date":"2025-08-11T12:50:46","date_gmt":"2025-08-11T10:50:46","guid":{"rendered":"https:\/\/amadem.es\/talleres\/artterapia\/"},"modified":"2025-08-11T12:50:46","modified_gmt":"2025-08-11T10:50:46","slug":"artterapia","status":"publish","type":"talleres","link":"https:\/\/amadem.es\/ca\/talleres\/artterapia\/","title":{"rendered":"Artter\u00e0pia"},"content":{"rendered":"<p><span style=\"font-weight: 400;\">El taller promou l&#8217;expressi\u00f3 emocional i creativa a trav\u00e9s de l&#8217;art, ajudant a millorar l&#8217;autoestima, la qualitat de vida i la comunicaci\u00f3. Les persones participants coneixen artistes i t\u00e8cniques mitjan\u00e7ant llibres, documentals, cat\u00e0legs i visites a exposicions. Es treballa especialment amb art contemporani i expressiu, incorporant valors com el reciclatge i el respecte a la natura (per exemple, amb tallers de paper reciclat). S&#8217;utilitzen diversos materials: fang, pintura, paper reciclat, collage, dibuix, etc., fomentant la interacci\u00f3 entre participants a trav\u00e9s de les seves obres. Cada persona va descobrint el seu estil i cam\u00ed art\u00edstic.    <\/span><\/p>\n","protected":false},"featured_media":35359,"template":"","class_list":["post-36639","talleres","type-talleres","status-publish","has-post-thumbnail","hentry"],"_links":{"self":[{"href":"https:\/\/amadem.es\/ca\/wp-json\/wp\/v2\/talleres\/36639","targetHints":{"allow":["GET"]}}],"collection":[{"href":"https:\/\/amadem.es\/ca\/wp-json\/wp\/v2\/talleres"}],"about":[{"href":"https:\/\/amadem.es\/ca\/wp-json\/wp\/v2\/types\/talleres"}],"wp:featuredmedia":[{"embeddable":true,"href":"https:\/\/amadem.es\/ca\/wp-json\/wp\/v2\/media\/35359"}],"wp:attachment":[{"href":"https:\/\/amadem.es\/ca\/wp-json\/wp\/v2\/media?parent=36639"}],"curies":[{"name":"wp","href":"https:\/\/api.w.org\/{rel}","templated":true}]}}

Artteràpia

<p><span style="font-weight: 400;">El taller promou l&#8217;expressió emocional i creativa a través de l&#8217;art, ajudant a millorar l&#8217;autoestima, la qualitat de vida i la comunicació. Les persones participants coneixen artistes i tècniques mitjançant llibres, documentals, catàlegs i visites a exposicions. Es treballa especialment amb art contemporani i expressiu, incorporant valors com el reciclatge i el respecte a la natura (per exemple, amb tallers de paper reciclat). S&#8217;utilitzen diversos materials: fang, pintura, paper reciclat, collage, dibuix, etc., fomentant la interacció entre participants a través de les seves obres. Cada persona va descobrint el seu estil i camí artístic.    </span></p>
