{"id":36640,"date":"2025-08-11T12:53:16","date_gmt":"2025-08-11T10:53:16","guid":{"rendered":"https:\/\/amadem.es\/talleres\/grup-dautoajuda-per-a-families\/"},"modified":"2025-08-11T12:53:16","modified_gmt":"2025-08-11T10:53:16","slug":"grup-dautoajuda-per-a-families","status":"publish","type":"talleres","link":"https:\/\/amadem.es\/ca\/talleres\/grup-dautoajuda-per-a-families\/","title":{"rendered":"Grup d&#8217;autoajuda per a fam\u00edlies"},"content":{"rendered":"<p><span style=\"font-weight: 400;\">L&#8217;autoajuda i l&#8217;ajuda m\u00fatua es consideren dos processos d&#8217;ajuda complementaris que ocorren en els grups de suport al mateix temps. L&#8217;autoajuda implica assumir la responsabilitat personal en la cura d&#8217;un\/a mateix\/a i en les accions i decisions que fem per respondre a les situacions de la vida. Simult\u00e0niament o complement\u00e0riament podem ajudar-nos els uns als altres de forma rec\u00edproca i igualit\u00e0ria, el que serien processos d&#8217;ajuda m\u00fatua. Des del punt de vista de la complementarietat d&#8217;aquests processos, els grups de suport haurien d&#8217;orientar-se per afavorir ambd\u00f3s processos. Els GAM (grups d&#8217;ajuda m\u00fatua) sorgeixen de la idea que tota persona, amb les seves habilitats i la seva experi\u00e8ncia personal, t\u00e9 una valuosa capacitat per ajudar als altres i per extensi\u00f3 ajudar-se a si mateixa; les persones que hi participen ho fan de forma volunt\u00e0ria i generalment, en abs\u00e8ncia d&#8217;un professional dins del grup, tot i que pot donar suport puntual sempre que el grup ho sol\u00b7liciti, de manera que s\u00f3n els membres del grup els que constitueixen l&#8217;espai i \u00e9s el propi grup qui pren les decisions per majoria democr\u00e0tica.<\/span><\/p>\n","protected":false},"featured_media":35795,"template":"","class_list":["post-36640","talleres","type-talleres","status-publish","has-post-thumbnail","hentry"],"_links":{"self":[{"href":"https:\/\/amadem.es\/ca\/wp-json\/wp\/v2\/talleres\/36640","targetHints":{"allow":["GET"]}}],"collection":[{"href":"https:\/\/amadem.es\/ca\/wp-json\/wp\/v2\/talleres"}],"about":[{"href":"https:\/\/amadem.es\/ca\/wp-json\/wp\/v2\/types\/talleres"}],"wp:featuredmedia":[{"embeddable":true,"href":"https:\/\/amadem.es\/ca\/wp-json\/wp\/v2\/media\/35795"}],"wp:attachment":[{"href":"https:\/\/amadem.es\/ca\/wp-json\/wp\/v2\/media?parent=36640"}],"curies":[{"name":"wp","href":"https:\/\/api.w.org\/{rel}","templated":true}]}}

Grup d&#8217;autoajuda per a famílies

<p><span style="font-weight: 400;">L&#8217;autoajuda i l&#8217;ajuda mútua es consideren dos processos d&#8217;ajuda complementaris que ocorren en els grups de suport al mateix temps. L&#8217;autoajuda implica assumir la responsabilitat personal en la cura d&#8217;un/a mateix/a i en les accions i decisions que fem per respondre a les situacions de la vida. Simultàniament o complementàriament podem ajudar-nos els uns als altres de forma recíproca i igualitària, el que serien processos d&#8217;ajuda mútua. Des del punt de vista de la complementarietat d&#8217;aquests processos, els grups de suport haurien d&#8217;orientar-se per afavorir ambdós processos. Els GAM (grups d&#8217;ajuda mútua) sorgeixen de la idea que tota persona, amb les seves habilitats i la seva experiència personal, té una valuosa capacitat per ajudar als altres i per extensió ajudar-se a si mateixa; les persones que hi participen ho fan de forma voluntària i generalment, en absència d&#8217;un professional dins del grup, tot i que pot donar suport puntual sempre que el grup ho sol·liciti, de manera que són els membres del grup els que constitueixen l&#8217;espai i és el propi grup qui pren les decisions per majoria democràtica.</span></p>
