{"id":36643,"date":"2025-08-11T12:50:00","date_gmt":"2025-08-11T10:50:00","guid":{"rendered":"https:\/\/amadem.es\/talleres\/activitats-fisiques\/"},"modified":"2025-08-11T12:50:00","modified_gmt":"2025-08-11T10:50:00","slug":"activitats-fisiques","status":"publish","type":"talleres","link":"https:\/\/amadem.es\/ca\/talleres\/activitats-fisiques\/","title":{"rendered":"Activitats f\u00edsiques"},"content":{"rendered":"<p><span style=\"font-weight: 400;\">El <\/span><b>Programa d&#8217;Activitat F\u00edsica i H\u00e0bits Saludables<\/b> <span style=\"font-weight: 400;\">est\u00e0 dirigit a persones amb trastorn mental greu (TMG) i t\u00e9 com a finalitat millorar el seu benestar f\u00edsic, mental i social a trav\u00e9s d&#8217;activitats esportives adaptades com nataci\u00f3, vela, senderisme i p\u00e0del. Aquestes activitats busquen fomentar la integraci\u00f3 social, l&#8217;autoestima, l&#8217;autonomia i l&#8217;adquisici\u00f3 d&#8217;h\u00e0bits de vida saludables, mentre es redueix l&#8217;estigma associat a la malaltia mental. El programa combina metodologia participativa, refor\u00e7 positiu i seguiment individualitzat, i es desenvolupa de setembre a agost, amb sessions setmanals adaptades i supervisades per professionals. A m\u00e9s, inclou xerrades sobre salut, perspectiva de g\u00e8nere i mesures d&#8217;inclusi\u00f3 laboral, impactant positivament tant en els participants com en la comunitat.<\/span><\/p>\n","protected":false},"featured_media":35548,"template":"","class_list":["post-36643","talleres","type-talleres","status-publish","has-post-thumbnail","hentry"],"_links":{"self":[{"href":"https:\/\/amadem.es\/ca\/wp-json\/wp\/v2\/talleres\/36643","targetHints":{"allow":["GET"]}}],"collection":[{"href":"https:\/\/amadem.es\/ca\/wp-json\/wp\/v2\/talleres"}],"about":[{"href":"https:\/\/amadem.es\/ca\/wp-json\/wp\/v2\/types\/talleres"}],"wp:featuredmedia":[{"embeddable":true,"href":"https:\/\/amadem.es\/ca\/wp-json\/wp\/v2\/media\/35548"}],"wp:attachment":[{"href":"https:\/\/amadem.es\/ca\/wp-json\/wp\/v2\/media?parent=36643"}],"curies":[{"name":"wp","href":"https:\/\/api.w.org\/{rel}","templated":true}]}}

Activitats físiques

<p><span style="font-weight: 400;">El </span><b>Programa d&#8217;Activitat Física i Hàbits Saludables</b> <span style="font-weight: 400;">està dirigit a persones amb trastorn mental greu (TMG) i té com a finalitat millorar el seu benestar físic, mental i social a través d&#8217;activitats esportives adaptades com natació, vela, senderisme i pàdel. Aquestes activitats busquen fomentar la integració social, l&#8217;autoestima, l&#8217;autonomia i l&#8217;adquisició d&#8217;hàbits de vida saludables, mentre es redueix l&#8217;estigma associat a la malaltia mental. El programa combina metodologia participativa, reforç positiu i seguiment individualitzat, i es desenvolupa de setembre a agost, amb sessions setmanals adaptades i supervisades per professionals. A més, inclou xerrades sobre salut, perspectiva de gènere i mesures d&#8217;inclusió laboral, impactant positivament tant en els participants com en la comunitat.</span></p>
