{"id":36646,"date":"2025-08-11T12:52:58","date_gmt":"2025-08-11T10:52:58","guid":{"rendered":"https:\/\/amadem.es\/talleres\/senderisme\/"},"modified":"2025-08-11T12:52:58","modified_gmt":"2025-08-11T10:52:58","slug":"senderisme","status":"publish","type":"talleres","link":"https:\/\/amadem.es\/ca\/talleres\/senderisme\/","title":{"rendered":"Senderisme"},"content":{"rendered":"<p><span style=\"font-weight: 400;\">Els participants realitzen caminades en grup per rutes locals que destaquen per la seva bellesa natural i accessibilitat. Les rutes s\u00f3n seleccionades per garantir la seguretat i la comoditat dels participants, s\u00f3n rutes naturals de la comarca. T\u00e9 com a objectiu fomentar la interacci\u00f3 social i el treball en grup durant la caminada; Promoure la connexi\u00f3 amb la natura com a mitj\u00e0 per reduir l&#8217;estr\u00e8s i augmentar el benestar emocional; Millorar la capacitat f\u00edsica mitjan\u00e7ant una activitat aer\u00f2bica de baix impacte. Impacte social i psicol\u00f2gic: Les caminades proporcionen un entorn ideal per entaular converses, enfortir relacions interpersonals i promoure el sentit de pertinen\u00e7a al grup.   <\/span><\/p>\n","protected":false},"featured_media":34896,"template":"","class_list":["post-36646","talleres","type-talleres","status-publish","has-post-thumbnail","hentry"],"_links":{"self":[{"href":"https:\/\/amadem.es\/ca\/wp-json\/wp\/v2\/talleres\/36646","targetHints":{"allow":["GET"]}}],"collection":[{"href":"https:\/\/amadem.es\/ca\/wp-json\/wp\/v2\/talleres"}],"about":[{"href":"https:\/\/amadem.es\/ca\/wp-json\/wp\/v2\/types\/talleres"}],"wp:featuredmedia":[{"embeddable":true,"href":"https:\/\/amadem.es\/ca\/wp-json\/wp\/v2\/media\/34896"}],"wp:attachment":[{"href":"https:\/\/amadem.es\/ca\/wp-json\/wp\/v2\/media?parent=36646"}],"curies":[{"name":"wp","href":"https:\/\/api.w.org\/{rel}","templated":true}]}}

<p><span style="font-weight: 400;">Els participants realitzen caminades en grup per rutes locals que destaquen per la seva bellesa natural i accessibilitat. Les rutes són seleccionades per garantir la seguretat i la comoditat dels participants, són rutes naturals de la comarca. Té com a objectiu fomentar la interacció social i el treball en grup durant la caminada; Promoure la connexió amb la natura com a mitjà per reduir l&#8217;estrès i augmentar el benestar emocional; Millorar la capacitat física mitjançant una activitat aeròbica de baix impacte. Impacte social i psicològic: Les caminades proporcionen un entorn ideal per entaular converses, enfortir relacions interpersonals i promoure el sentit de pertinença al grup.   </span></p>
