{"id":36651,"date":"2025-08-11T12:46:21","date_gmt":"2025-08-11T10:46:21","guid":{"rendered":"https:\/\/amadem.es\/talleres\/psicoeducacio\/"},"modified":"2025-08-11T12:46:21","modified_gmt":"2025-08-11T10:46:21","slug":"psicoeducacio","status":"publish","type":"talleres","link":"https:\/\/amadem.es\/ca\/talleres\/psicoeducacio\/","title":{"rendered":"Psicoeducaci\u00f3"},"content":{"rendered":"<p><span style=\"font-weight: 400;\">El taller de psicoeducaci\u00f3 de l&#8217;Associaci\u00f3 AMADEM est\u00e0 dirigit a persones amb malaltia mental greu i t\u00e9 com a objectiu principal millorar la seva qualitat de vida a trav\u00e9s de la informaci\u00f3 sobre la malaltia, el desenvolupament d&#8217;habilitats socials, l&#8217;adher\u00e8ncia al tractament i la resoluci\u00f3 de problemes. Mitjan\u00e7ant una metodologia pr\u00e0ctica i participativa, s&#8217;aborden cinc m\u00f2duls que inclouen continguts sobre la malaltia mental, comunicaci\u00f3, tractament, afrontament de conflictes i aplicaci\u00f3 del que s&#8217;ha apr\u00e8s. El programa afavoreix la comprensi\u00f3 de la malaltia, redueix l&#8217;estr\u00e8s, millora les relacions familiars i socials, i promou l&#8217;autonomia, comptant amb seguiment individualitzat i avaluaci\u00f3 cont\u00ednua des de la seva implementaci\u00f3 el 2001.  <\/span><\/p>\n","protected":false},"featured_media":34931,"template":"","class_list":["post-36651","talleres","type-talleres","status-publish","has-post-thumbnail","hentry"],"_links":{"self":[{"href":"https:\/\/amadem.es\/ca\/wp-json\/wp\/v2\/talleres\/36651","targetHints":{"allow":["GET"]}}],"collection":[{"href":"https:\/\/amadem.es\/ca\/wp-json\/wp\/v2\/talleres"}],"about":[{"href":"https:\/\/amadem.es\/ca\/wp-json\/wp\/v2\/types\/talleres"}],"wp:featuredmedia":[{"embeddable":true,"href":"https:\/\/amadem.es\/ca\/wp-json\/wp\/v2\/media\/34931"}],"wp:attachment":[{"href":"https:\/\/amadem.es\/ca\/wp-json\/wp\/v2\/media?parent=36651"}],"curies":[{"name":"wp","href":"https:\/\/api.w.org\/{rel}","templated":true}]}}

Psicoeducació

<p><span style="font-weight: 400;">El taller de psicoeducació de l&#8217;Associació AMADEM està dirigit a persones amb malaltia mental greu i té com a objectiu principal millorar la seva qualitat de vida a través de la informació sobre la malaltia, el desenvolupament d&#8217;habilitats socials, l&#8217;adherència al tractament i la resolució de problemes. Mitjançant una metodologia pràctica i participativa, s&#8217;aborden cinc mòduls que inclouen continguts sobre la malaltia mental, comunicació, tractament, afrontament de conflictes i aplicació del que s&#8217;ha après. El programa afavoreix la comprensió de la malaltia, redueix l&#8217;estrès, millora les relacions familiars i socials, i promou l&#8217;autonomia, comptant amb seguiment individualitzat i avaluació contínua des de la seva implementació el 2001.  </span></p>
